                                               {"id":17936,"date":"2024-11-29T11:13:30","date_gmt":"2024-11-29T10:13:30","guid":{"rendered":"https:\/\/sarrerak.portugalete.org\/?post_type=product&#038;p=17936"},"modified":"2025-12-07T10:31:29","modified_gmt":"2025-12-07T09:31:29","slug":"taller-de-decoracion-navidena-centro-navideno-estilo-nordico","status":"publish","type":"product","link":"https:\/\/sarrerak.portugalete.org\/eu\/producto\/taller-de-decoracion-navidena-centro-navideno-estilo-nordico\/","title":{"rendered":"Taller de decoraci\u00f3n navide\u00f1a: centro navide\u00f1o estilo n\u00f3rdico"},"content":{"rendered":"<p><i>Taller para adultos<\/i><\/p>\n<h5>17 de diciembre a las 10:30 y 19:15.<\/h5>\n<p><strong><img loading=\"lazy\" decoding=\"async\" src=\"\/wp-content\/uploads\/2023\/10\/icono_location.png\" width=\"32\" height=\"68\" alt=\"\"\/ style=\"float:left;\">Centro Cultural Santa Clara.<\/strong><br \/>Casilda Iturrizar, 10.<\/p>\n<hr style=\"clear: both\" \/>\n<p data-wp-editing=\"1\"><img loading=\"lazy\" decoding=\"async\" class=\"alignleft wp-image-229\" src=\"https:\/\/sarrerak.portugalete.org\/wp-content\/uploads\/2023\/10\/icono_idioma_castellano_es.png\" alt=\"\" width=\"75\" height=\"41\" \/><img loading=\"lazy\" decoding=\"async\" class=\"alignleft wp-image-236\" src=\"https:\/\/sarrerak.portugalete.org\/wp-content\/uploads\/2023\/10\/icono_edad_mas_18_es.png\" alt=\"\" width=\"75\" height=\"41\" \/><img loading=\"lazy\" decoding=\"async\" class=\"wp-image-238 alignleft\" src=\"https:\/\/sarrerak.portugalete.org\/wp-content\/uploads\/2023\/10\/icono_aforo_16_es.png\" alt=\"\" width=\"75\" height=\"41\" \/><\/p>\n","protected":false},"excerpt":{"rendered":"<h5><strong>[gdlr_core_icon icon=\"fa fa-calendar\" size=\"24px\" color=\"\" margin-left=\"5px\" margin-right=\"5px\" ]17 de diciembre a las 10:30 y 19:15.<\/strong><\/h5>\n<p><strong>[gdlr_core_icon icon=\"fa fa-clock-o\" size=\"24px\" color=\"\" margin-left=\"6px\" margin-right=\"5px\" ]Duraci\u00f3n:<\/strong> 2h. <\/p>\n<hr \/>\n<p style=\"margin-bottom: 0px;\"><strong>[gdlr_core_icon icon=\"fa fa-map-marker\" size=\"24px\" color=\"\" margin-left=\"8px\" margin-right=\"9px\" ]Ubicaci\u00f3n:<\/strong> Centro Cultural Santa Clara.<\/p>\n<p class=\"direccion_location\">Casilda Iturrizar, 10<\/p>\n<hr \/>\n<p data-wp-editing=\"1\"><img loading=\"lazy\" decoding=\"async\" class=\"wp-image-229 alignleft\" src=\"https:\/\/sarrerak.portugalete.org\/wp-content\/uploads\/2023\/10\/icono_idioma_castellano_es.png\" alt=\"\" width=\"100\" height=\"54\" \/><img loading=\"lazy\" decoding=\"async\" class=\"wp-image-236 alignleft\" src=\"https:\/\/sarrerak.portugalete.org\/wp-content\/uploads\/2023\/10\/icono_edad_mas_18_es.png\" alt=\"\" width=\"100\" height=\"54\" \/><img loading=\"lazy\" decoding=\"async\" class=\"alignnone wp-image-238\" src=\"https:\/\/sarrerak.portugalete.org\/wp-content\/uploads\/2023\/10\/icono_aforo_16_es.png\" alt=\"\" width=\"100\" height=\"54\" \/><\/p>\n<hr \/>\n","protected":false},"author":2,"featured_media":17941,"template":"","meta":[],"product_brand":[],"product_cat":[17],"product_tag":[],"class_list":{"0":"post-17936","1":"product","2":"type-product","3":"status-publish","4":"has-post-thumbnail","6":"product_cat-centro-cultural-santa-clara","8":"first","9":"instock","10":"virtual","11":"product-type-simple"},"_links":{"self":[{"href":"https:\/\/sarrerak.portugalete.org\/eu\/wp-json\/wp\/v2\/product\/17936","targetHints":{"allow":["GET"]}}],"collection":[{"href":"https:\/\/sarrerak.portugalete.org\/eu\/wp-json\/wp\/v2\/product"}],"about":[{"href":"https:\/\/sarrerak.portugalete.org\/eu\/wp-json\/wp\/v2\/types\/product"}],"author":[{"embeddable":true,"href":"https:\/\/sarrerak.portugalete.org\/eu\/wp-json\/wp\/v2\/users\/2"}],"wp:featuredmedia":[{"embeddable":true,"href":"https:\/\/sarrerak.portugalete.org\/eu\/wp-json\/wp\/v2\/media\/17941"}],"wp:attachment":[{"href":"https:\/\/sarrerak.portugalete.org\/eu\/wp-json\/wp\/v2\/media?parent=17936"}],"wp:term":[{"taxonomy":"product_brand","embeddable":true,"href":"https:\/\/sarrerak.portugalete.org\/eu\/wp-json\/wp\/v2\/product_brand?post=17936"},{"taxonomy":"product_cat","embeddable":true,"href":"https:\/\/sarrerak.portugalete.org\/eu\/wp-json\/wp\/v2\/product_cat?post=17936"},{"taxonomy":"product_tag","embeddable":true,"href":"https:\/\/sarrerak.portugalete.org\/eu\/wp-json\/wp\/v2\/product_tag?post=17936"}],"curies":[{"name":"wp","href":"https:\/\/api.w.org\/{rel}","templated":true}]}}

Taller de decoración navideña: centro navideño estilo nórdico

<h5><strong>[gdlr_core_icon icon="fa fa-calendar" size="24px" color="" margin-left="5px" margin-right="5px" ]17 de diciembre a las 10:30 y 19:15.</strong></h5>
<p><strong>[gdlr_core_icon icon="fa fa-clock-o" size="24px" color="" margin-left="6px" margin-right="5px" ]Duración:</strong> 2h. </p>
<hr />
<p style="margin-bottom: 0px;"><strong>[gdlr_core_icon icon="fa fa-map-marker" size="24px" color="" margin-left="8px" margin-right="9px" ]Ubicación:</strong> Centro Cultural Santa Clara.</p>
<p class="direccion_location">Casilda Iturrizar, 10</p>
<hr />
<p data-wp-editing="1"><img loading="lazy" decoding="async" class="wp-image-229 alignleft" src="https://sarrerak.portugalete.org/wp-content/uploads/2023/10/icono_idioma_castellano_es.png" alt="" width="100" height="54" /><img loading="lazy" decoding="async" class="wp-image-236 alignleft" src="https://sarrerak.portugalete.org/wp-content/uploads/2023/10/icono_edad_mas_18_es.png" alt="" width="100" height="54" /><img loading="lazy" decoding="async" class="alignnone wp-image-238" src="https://sarrerak.portugalete.org/wp-content/uploads/2023/10/icono_aforo_16_es.png" alt="" width="100" height="54" /></p>
<hr />
